f 869 and 65284483.
11
What is the greatest common divisor of 50615 and 3437845?
265
What is the highest common factor of 138436744 and 2404?
2404
Calculate the greatest common factor of 2925680 and 170.
10
What is the greatest common factor of 96489 and 20083?
151
What is the greatest common divisor of 2 and 72603098?
2
What is the greatest common divisor of 3179 and 158988148?
3179
What is the greatest common factor of 3554979792 and 1398?
1398
Calculate the highest common divisor of 1932 and 178342.
46
Calculate the greatest common divisor of 2259737 and 9599.
331
Calculate the greatest common factor of 924 and 2032140.
132
What is the greatest common divisor of 36156 and 14116020?
276
What is the highest common divisor of 1323016 and 159536?
472
Calculate the highest common factor of 1168 and 15028802.
146
What is the greatest common divisor of 255870 and 774?
18
Calculate the greatest common divisor of 1083038 and 57.
19
What is the highest common divisor of 510400 and 24068?
44
What is the greatest common factor of 20038 and 130946?
466
What is the highest common divisor of 1636 and 566803652?
1636
Calculate the greatest common factor of 9019860 and 444.
444
What is the highest common divisor of 72 and 953083836?
36
Calculate the greatest common factor of 310473 and 4887.
27
What is the highest common divisor of 1792 and 97185536?
1792
What is the highest common factor of 2556311 and 10049?
773
What is the highest common divisor of 2265 and 70172871?
453
What is the greatest common divisor of 37801130 and 10?
10
What is the highest common factor of 204 and 67548444?
12
What is the greatest common factor of 27153 and 8809640?
3017
Calculate the greatest common divisor of 224103938 and 58.
58
Calculate the greatest common divisor of 13723444 and 56.
28
What is the highest common factor of 2290 and 142540?
10
What is the greatest common divisor of 21 and 6201958?
7
What is the highest common factor of 10255536 and 720?
144
What is the highest common factor of 25228632 and 37752?
3432
What is the highest common factor of 14540672 and 188?
188
Calculate the highest common divisor of 562 and 57841883.
281
Calculate the greatest common factor of 2039860 and 6880.
20
Calculate the greatest common factor of 2021 and 5192164.
43
Calculate the highest common divisor of 250 and 475402100.
50
What is the highest common factor of 165776 and 806?
26
Calculate the highest common factor of 354624628 and 776.
388
Calculate the greatest common divisor of 154439425 and 36280.
4535
What is the greatest common divisor of 14383008 and 46624?
992
What is the greatest common factor of 89 and 423300109?
89
What is the highest common divisor of 9686799 and 7596?
1899
What is the highest common divisor of 1162596 and 1807?
139
What is the highest common divisor of 21124 and 14492?
4
Calculate the highest common divisor of 17563 and 1292135.
2509
Calculate the highest common factor of 70280 and 54420.
20
What is the greatest common factor of 38125 and 13140?
5
What is the highest common factor of 2744018 and 874?
38
What is the greatest common factor of 380 and 16982884?
76
Calculate the greatest common divisor of 524714324 and 4372.
4372
What is the greatest common factor of 44535043 and 119?
7
What is the greatest common factor of 1017024 and 756?
12
Calculate the greatest common factor of 2463 and 280425.
3
Calculate the highest common factor of 130 and 5042765.
65
What is the highest common factor of 98 and 1841672?
14
What is the greatest common factor of 4233 and 52622?
83
Calculate the greatest common factor of 9460376 and 24.
8
What is the greatest common divisor of 210045 and 225120?
1005
What is the highest common divisor of 1072860 and 11715?
15
What is the greatest common factor of 4191269 and 674?
337
Calculate the greatest common divisor of 28 and 146658.
2
What is the highest common factor of 135 and 11937429?
27
What is the greatest common divisor of 8252 and 6316?
4
Calculate the greatest common factor of 92 and 259888753.
23
What is the greatest common divisor of 5567 and 496698?
19
What is the greatest common divisor of 26960 and 464?
16
What is the greatest common factor of 633329976 and 17403?
17403
What is the highest common factor of 22241735 and 20?
5
What is the greatest common factor of 24632086 and 346?
346
Calculate the highest common divisor of 41094021 and 14228.
3557
What is the greatest common factor of 87 and 271155?
3
What is the highest common factor of 1335 and 64702377?
267
What is the highest common divisor of 2480560 and 20?
20
Calculate the highest common factor of 15488328 and 6.
6
Calculate the greatest common divisor of 72 and 20121039.
9
Calculate the greatest common divisor of 143 and 1903265.
13
Calculate the greatest common divisor of 14 and 1964158.
14
Calculate the greatest common factor of 150745 and 845705.
2555
Calculate the highest common factor of 1882500 and 27000.
1500
What is the highest common divisor of 86427524 and 53?
53
What is the highest common divisor of 476 and 124612159?
119
What is the greatest common divisor of 117 and 1267097?
13
Calculate the greatest common factor of 659233 and 22102.
43
Calculate the highest common divisor of 3346863850 and 1705.
1705
Calculate the greatest common divisor of 4209 and 427520757.
4209
Calculate the highest common divisor of 1896376 and 28280.
808
Calculate the greatest common divisor of 392 and 63203.
7
Calculate the greatest common divisor of 156728 and 18447.
143
Calculate the greatest common divisor of 50630 and 310.
10
What is the greatest common divisor of 9974189 and 5223?
1741
What is the greatest common divisor of 23410711 and 161?
23
Calculate the greatest common factor of 83577 and 5733.
39
What is the highest common divisor of 7650 and 1297100?
850
What is the highest common divisor of 15596835 and 15?
15
Calculate the greatest common factor of 82469880 and 144.
72
What is the greatest common divisor of 448953 and 1311647?
8803
Calculate the greatest common factor of 102848 and 752.
16
What is the greatest common divisor of 135763782 and 21?
21
Calculate the greatest common divisor of 187037 and 21094.
53
What is the highest common factor of 128 and 31600752?
16
What is the greatest common divisor of 68650596 and 3276?
252
What is the highest common divisor of 170388 and 14112?
36
Calculate the greatest common divisor of 82040 and 143904020.
5860
Calculate the highest common divisor of 19222570 and 9010.
530
What is the greatest common factor of 14959960 and 40?
40
Calculate the highest common divisor of 19823 and 3333491.
461
What is the highest common factor of 952990 and 4867?
157
What is the highest common divisor of 7540798 and 361659?
4157
Calculate the greatest common factor of 1512 and 15915816.
504
Calculate the highest common factor of 188481870 and 45.
45
Calculate the greatest common divisor of 1261 and 2561382.
97
Calculate the greatest common divisor of 4661927 and 22780.
1139
Calculate the highest common factor of 170 and 4222069.
17
What is the highest common divisor of 414700 and 31291?
377
Calculate the highest common factor of 318689 and 1643.
53
Calculate the highest common factor of 48 and 77716.
4
Calculate the greatest common factor of 6851718 and 90.
18
Calculate the greatest common factor of 15975 and 76893.
213
Calculate the greatest common factor of 9464532 and 168.
84
Calculate the greatest common divisor of 15715 and 10725712.
449
Calculate the highest common factor of 159000 and 798816.
1272
Calculate the highest common factor of 127616374 and 56682.
6298
What is the highest common divisor of 431 and 32786170?
431
Calculate the greatest common divisor of 298 and 2379679.
149
Calculate the greatest common divisor of 42098 and 7638750.
1358
What is the highest common factor of 4920446 and 3026?
34
Calculate the highest common divisor of 23396877 and 14.
7
What is the greatest common divisor of 5472345 and 21037?
109
What is the highest common divisor of 24135478 and 588122?
3746
Calculate the highest common divisor of 235043920 and 19432.
2776
Calculate the greatest common divisor of 860 and 11567172.
172
Calculate the highest common factor of 116150 and 42379600.
5050
What is the greatest common factor of 93 and 690873